{"id":57,"date":"2022-01-10T11:59:29","date_gmt":"2022-01-10T11:59:29","guid":{"rendered":"https:\/\/bruskelandsheia.no\/?page_id=57"},"modified":"2026-04-12T13:26:02","modified_gmt":"2026-04-12T13:26:02","slug":"dokumentarkiv","status":"publish","type":"page","link":"https:\/\/bruskelandsheia.no\/?page_id=57","title":{"rendered":"Vedtekter"},"content":{"rendered":"<p>[et_pb_section fb_built=&raquo;1&#8243; _builder_version=&raquo;4.16&#8243; _module_preset=&raquo;default&raquo; global_colors_info=&raquo;{}&raquo;][et_pb_row _builder_version=&raquo;4.16&#8243; _module_preset=&raquo;default&raquo; global_colors_info=&raquo;{}&raquo;][et_pb_column type=&raquo;4_4&#8243; _builder_version=&raquo;4.16&#8243; _module_preset=&raquo;default&raquo; global_colors_info=&raquo;{}&raquo;][et_pb_tabs _builder_version=&raquo;4.21.0&#8243; _module_preset=&raquo;default&raquo; link_option_url_new_window=&raquo;on&raquo; hover_enabled=&raquo;0&#8243; global_colors_info=&raquo;{}&raquo; sticky_enabled=&raquo;0&#8243;][et_pb_tab title=&raquo;Vedtekter&raquo; _builder_version=&raquo;4.17.4&#8243; _module_preset=&raquo;default&raquo; link_option_url_new_window=&raquo;on&raquo; global_colors_info=&raquo;{}&raquo;]<\/p>\n<p><a href=\"https:\/\/bruskelandsheia.no\/wp-content\/uploads\/2022\/05\/Disse-vedtektene-ble-vedtatt-pa-arsmote-30.03.2022.pdf\" rel=\"attachment wp-att-565\">Disse vedtektene ble vedtatt p\u00e5 \u00e5rsm\u00f8te 30.03.2022<\/a><\/p>\n<p>[\/et_pb_tab][et_pb_tab title=&raquo;\u00c5rsm\u00f8te 2023&#8243; _builder_version=&raquo;4.20.4&#8243; _module_preset=&raquo;default&raquo; global_colors_info=&raquo;{}&raquo;]<\/p>\n<p>Saksliste: <a href=\"https:\/\/bruskelandsheia.no\/wp-content\/uploads\/2023\/04\/Scan.pdf\" rel=\"attachment wp-att-841\">\u00c5rsm\u00f8te 2023<\/a><\/p>\n<p>[\/et_pb_tab][et_pb_tab title=&raquo;Ekstra ordin\u00e6rt \u00e5rsm\u00f8te 28.06.23&#8243; _builder_version=&raquo;4.21.0&#8243; _module_preset=&raquo;default&raquo; global_colors_info=&raquo;{}&raquo;]<\/p>\n<p><a href=\"https:\/\/bruskelandsheia.no\/wp-content\/uploads\/2023\/07\/saksliste-og-referat.pdf\" rel=\"attachment wp-att-926\">saksliste og referat<\/a><\/p>\n<p>[\/et_pb_tab][et_pb_tab title=&raquo;Jordskifte Kr\u00e5kelandsveien&raquo; _builder_version=&raquo;4.21.0&#8243; _module_preset=&raquo;default&raquo; global_colors_info=&raquo;{}&raquo;]<\/p>\n<p><a href=\"https:\/\/bruskelandsheia.no\/wp-content\/uploads\/2023\/07\/Jordskifte-Krakelandsveien.pdf\" rel=\"attachment wp-att-929\">Jordskifte Kr\u00e5kelandsveien<\/a><\/p>\n<p>[\/et_pb_tab][et_pb_tab title=&raquo;Gjensidige stiftelsen&raquo; _builder_version=&raquo;4.21.0&#8243; _module_preset=&raquo;default&raquo; global_colors_info=&raquo;{}&raquo;]<\/p>\n<p><a href=\"https:\/\/bruskelandsheia.no\/wp-content\/uploads\/2023\/11\/Info-ang-455-830.-.pdf\" rel=\"attachment wp-att-1024\">Info ang 455 830.-<\/a><\/p>\n<p>[\/et_pb_tab][et_pb_tab title=&raquo;\u00c5rsm\u00f8te 2024&#8243; _builder_version=&raquo;4.21.0&#8243; _module_preset=&raquo;default&raquo; global_colors_info=&raquo;{}&raquo;]<\/p>\n<p><a href=\"https:\/\/bruskelandsheia.no\/wp-content\/uploads\/2024\/04\/Referat-arsmote-2024.pdf\" rel=\"attachment wp-att-1140\">Referat \u00e5rsm\u00f8te 2024<\/a><\/p>\n<p>[\/et_pb_tab][et_pb_tab title=&raquo;\u00c5rsm\u00f8te 2025&#8243; _builder_version=&raquo;4.21.0&#8243; _module_preset=&raquo;default&raquo; global_colors_info=&raquo;{}&raquo;]<\/p>\n<p><a href=\"https:\/\/bruskelandsheia.no\/wp-content\/uploads\/2025\/04\/Arsmote-25-saksliste-referat-underskrift.pdf\" rel=\"attachment wp-att-1440\">\u00c5rsm\u00f8te 25-saksliste-referat-underskrift<\/a><\/p>\n<p>[\/et_pb_tab][et_pb_tab title=&raquo;\u00c5rsm\u00f8te 2026&#8243; _builder_version=&raquo;4.21.0&#8243; _module_preset=&raquo;default&raquo; hover_enabled=&raquo;0&#8243; sticky_enabled=&raquo;0&#8243;]<\/p>\n<p><a href=\"https:\/\/bruskelandsheia.no\/wp-content\/uploads\/2026\/04\/Saksliste-referat-underskrift.pdf\" rel=\"attachment wp-att-1639\">Saksliste-referat-underskrift<\/a><\/p>\n<p>[\/et_pb_tab][\/et_pb_tabs][et_pb_text _builder_version=&raquo;4.21.0&#8243; _module_preset=&raquo;default&raquo; global_colors_info=&raquo;{}&raquo;][\/et_pb_text][\/et_pb_column][\/et_pb_row][\/et_pb_section]<\/p>\n","protected":false},"excerpt":{"rendered":"<p>Disse vedtektene ble vedtatt p\u00e5 \u00e5rsm\u00f8te 30.03.2022Saksliste: \u00c5rsm\u00f8te 2023saksliste og referatJordskifte Kr\u00e5kelandsveienInfo ang 455 830.-Referat \u00e5rsm\u00f8te 2024\u00c5rsm\u00f8te 25-saksliste-referat-underskriftSaksliste-referat-underskrift<\/p>\n","protected":false},"author":1,"featured_media":0,"parent":0,"menu_order":0,"comment_status":"closed","ping_status":"closed","template":"","meta":{"_et_pb_use_builder":"on","_et_pb_old_content":"","_et_gb_content_width":"","footnotes":""},"class_list":["post-57","page","type-page","status-publish","hentry"],"_links":{"self":[{"href":"https:\/\/bruskelandsheia.no\/index.php?rest_route=\/wp\/v2\/pages\/57","targetHints":{"allow":["GET"]}}],"collection":[{"href":"https:\/\/bruskelandsheia.no\/index.php?rest_route=\/wp\/v2\/pages"}],"about":[{"href":"https:\/\/bruskelandsheia.no\/index.php?rest_route=\/wp\/v2\/types\/page"}],"author":[{"embeddable":true,"href":"https:\/\/bruskelandsheia.no\/index.php?rest_route=\/wp\/v2\/users\/1"}],"replies":[{"embeddable":true,"href":"https:\/\/bruskelandsheia.no\/index.php?rest_route=%2Fwp%2Fv2%2Fcomments&post=57"}],"version-history":[{"count":26,"href":"https:\/\/bruskelandsheia.no\/index.php?rest_route=\/wp\/v2\/pages\/57\/revisions"}],"predecessor-version":[{"id":1640,"href":"https:\/\/bruskelandsheia.no\/index.php?rest_route=\/wp\/v2\/pages\/57\/revisions\/1640"}],"wp:attachment":[{"href":"https:\/\/bruskelandsheia.no\/index.php?rest_route=%2Fwp%2Fv2%2Fmedia&parent=57"}],"curies":[{"name":"wp","href":"https:\/\/api.w.org\/{rel}","templated":true}]}}